divide 15303?
False
Is 7684 a multiple of 13?
False
Does 82 divide 410?
True
Does 9 divide 1186?
False
Is 20 a factor of 3040?
True
Does 124 divide 1938?
False
Is 1116 a multiple of 124?
True
Is 147 a factor of 24256?
False
Is 23 a factor of 46?
True
Is 3962 a multiple of 14?
True
Is 4 a factor of 252?
True
Is 3434 a multiple of 2?
True
Does 130 divide 28730?
True
Is 37281 a multiple of 17?
True
Does 195 divide 5655?
True
Is 9438 a multiple of 66?
True
Is 32 a factor of 864?
True
Is 14016 a multiple of 27?
False
Does 13 divide 2808?
True
Is 714 a multiple of 42?
True
Is 64953 a multiple of 21?
True
Is 30 a factor of 450?
True
Is 1296 a multiple of 18?
True
Does 2 divide 556?
True
Is 96 a factor of 4503?
False
Does 31 divide 923?
False
Is 188 a factor of 323?
False
Does 357 divide 38829?
False
Is 30 a multiple of 15?
True
Is 1582 a multiple of 4?
False
Is 60528 a multiple of 125?
False
Is 77 a factor of 18253?
False
Does 3 divide 32?
False
Does 9 divide 29664?
True
Is 21 a factor of 17640?
True
Does 6 divide 2802?
True
Is 24 a factor of 1149?
False
Is 35 a factor of 2520?
True
Is 4 a factor of 2213?
False
Is 4 a factor of 873?
False
Is 6374 a multiple of 77?
False
Is 32 a factor of 11652?
False
Is 36654 a multiple of 9?
False
Is 23657 a multiple of 41?
True
Is 12 a factor of 2035?
False
Is 78 a factor of 4283?
False
Is 260 a multiple of 7?
False
Does 14 divide 17892?
True
Does 17 divide 10251?
True
Is 20 a factor of 91777?
False
Does 23 divide 48726?
False
Is 4876 a multiple of 7?
False
Does 6 divide 13680?
True
Is 9 a factor of 218?
False
Is 309 a multiple of 22?
False
Is 306 a multiple of 18?
True
Does 49 divide 882?
True
Is 18 a factor of 4751?
False
Does 55 divide 1777?
False
Does 26 divide 10542?
False
Does 32 divide 20811?
False
Does 17 divide 13720?
False
Is 12 a factor of 5440?
False
Does 13 divide 8610?
False
Does 13 divide 16855?
False
Is 235 a factor of 7354?
False
Does 103 divide 542?
False
Does 6 divide 1677?
False
Does 15 divide 2241?
False
Is 108 even?
True
Is 75 a factor of 7950?
True
Is 900 a multiple of 10?
True
Is 64 a factor of 141?
False
Is 112 a factor of 1307?
False
Is 11 a factor of 5753?
True
Does 12 divide 2560?
False
Is 12 a factor of 48?
True
Does 17 divide 374?
True
Is 115 a factor of 184?
False
Is 23829 a multiple of 169?
True
Does 13 divide 1273?
False
Is 37 a factor of 1480?
True
Is 40 a factor of 9918?
False
Is 46624 a multiple of 269?
False
Is 1010 a multiple of 6?
False
Does 43 divide 1026?
False
Is 42450 a multiple of 25?
True
Does 11 divide 4447?
False
Is 219 a multiple of 4?
False
Is 24755 a multiple of 58?
False
Is 8 a factor of 544?
True
Is 3 a factor of 12029?
False
Does 10 divide 25288?
False
Is 8 a factor of 431?
False
Is 156792 a multiple of 400?
False
Is 2824 a multiple of 18?
False
Is 16132 a multiple of 37?
True
Is 90100 a multiple of 85?
True
Is 172658 a multiple of 372?
False
Is 52 a factor of 6500?
True
Is 1426 a multiple of 82?
False
Is 20 a factor of 1101?
False
Is 12 a factor of 20820?
True
Is 375 a multiple of 5?
True
Is 5304 a multiple of 51?
True
Does 6 divide 8722?
False
Is 1569 a multiple of 53?
False
Does 29 divide 234?
False
Is 1491 a multiple of 18?
False
Is 21899 a multiple of 31?
False
Is 36388 a multiple of 63?
False
Is 2960 a multiple of 16?
True
Is 11 a factor of 7832?
True
Is 38 a multiple of 19?
True
Is 27 a factor of 1026?
True
Is 8 a factor of 293?
False
Is 11 a factor of 3957?
False
Is 649 a multiple of 7?
False
Does 9 divide 1332?
True
Does 13 divide 1972?
False
Does 27 divide 138247?
False
Is 93 a factor of 5620?
False
Does 9 divide 105039?
True
Is 891 a multiple of 6?
False
Is 1045 a multiple of 11?
True
Does 24 divide 701?
False
Is 10900 a multiple of 54?
False
Does 15 divide 1995?
True
Is 1866 a multiple of 96?
False
Is 5060 a multiple of 110?
True
Is 20 a factor of 6796?
False
Is 700 a multiple of 7?
True
Is 14 a factor of 16402?
False
Is 215 a factor of 14917?
False
Does 155 divide 890?
False
Is 102 a factor of 43369?
False
Is 20952 a multiple of 97?
True
Is 41300 a multiple of 28?
True
Is 24 a factor of 8102?
False
Is 117 a factor of 16158?
False
Is 33653 a multiple of 70?
False
Is 18 a factor of 13230?
True
Is 84 a multiple of 3?
True
Is 105 a multiple of 12?
False
Is 26 a factor of 7644?
True
Does 111 divide 2997?
True
Does 18 divide 3456?
True
Does 4 divide 561?
False
Does 19 divide 1616?
False
Does 7 divide 476?
True
Does 17 divide 12971?
True
Is 17 a factor of 51?
True
Is 4287 a multiple of 38?
False
Does 65 divide 12220?
True
Is 740 a multiple of 4?
True
Is 47 a factor of 12314?
True
Is 11 a factor of 1045?
True
Is 757 a multiple of 5?
False
Is 141 a factor of 15991?
False
Is 2484 a multiple of 36?
True
Is 31 a factor of 2699?
False
Does 12 divide 312?
True
Does 189 divide 7749?
True
Is 14 a factor of 87791?
False
Is 17 a factor of 14722?
True
Is 11270 a multiple of 115?
True
Is 1524 a multiple of 30?
False
Does 17 divide 436?
False
Is 46560 a multiple of 8?
True
Is 90687 a multiple of 43?
True
Does 7 divide 82355?
True
Is 117 a factor of 36310?
False
Is 6 a factor of 2538?
True
Does 34 divide 1350?
False
Is 151 a factor of 2431?
False
Does 15 divide 655?
False
Is 16 a factor of 507?
False
Is 176 a factor of 12848?
True
Is 43 a factor of 2279?
True
Is 1892 a multiple of 22?
True
Is 22 a factor of 1210?
True
Is 57 a factor of 6897?
True
Is 403 a multiple of 12?
False
Does 26 divide 63102?
True
Is 86 a factor of 4057?
False
Does 10 divide 69533?
False
Is 2125 a multiple of 5?
True
Is 11418 a multiple of 63?
False
Does 3 divide 2261?
False
Is 396 a multiple of 33?
True
Is 2291 a multiple of 16?
False
Is 24 a factor of 6600?
True
Is 2142 a multiple of 63?
True
Is 976 a multiple of 49?
False
Does 3 divide 51?
True
Is 256 a multiple of 64?
True
Is 15 a factor of 405?
True
Is 64 a factor of 1984?
True
Does 22 divide 1081?
False
Does 6 divide 1848?
True
Is 106 a factor of 2650?
True
Is 3 a factor of 186?
True
Is 69 a factor of 4209?
True
Does 8 divide 1319?
False
Is 7608 a multiple of 24?
True
Is 34 a factor of 238?
True
Is 36 a factor of 3312?
True
Is 2054 a multiple of 158?
True
Does 7 divide 4400?
False
Is 696 a multiple of 12?
True
Is 2784 a multiple of 48?
True
Is 45 a factor of 2655?
True
Is 3906 a multiple of 20?
False
Is 16 a factor of 572?
False
Is 15 a factor of 1185?
True
Is 2025 a multiple of 25?
True
Does 52 divide 1727?
False
Is 62 a factor of 2471?
False
Does 7 divide 654?
False
Does 82 divide 3026?
False
Is 14 a factor of 180?
False
Is 540 a multiple of 20?
True
Is 1092 a multiple of 6?
True
Is 193 a factor of 12352?
True
Is 1137 a multiple of 40?
False
Is 207 a multiple of 69?
True
Does 34 divide 961?
False
Is 22 a factor of 1166?
True
Is 7 a factor of 1071?
True
Is 4 a factor of 149?
False
Is 14720 a multiple of 115?
True
Does 55 divide 275?
True
Is 70 a factor of 516?
False
Is 61 a factor of 1226?
False
Is 38 a factor of 8550?
True
Is 27444 a multiple of 140?
False
Is 68713 a multiple of 167?
False
Is 208 a factor of 72384?
True
Does 73 divide 15695?
True
Is 336 a multiple of 2?
True
Is 5 a factor of 915?
True
Is 663 a multiple of 8?
False
Is 30 a factor of 1081?
False
Is 11641 a multiple of 17?
False
Is 198 a factor of 75834?
True
Is 7692 a multiple of 27?
False
Is 1205 a multiple of 15?
False
Does 19 divide 33231?
True
Does 153 divide 573?
False
Does 12 divide 244?
False
Is 19 a factor of 10279?
True
Is 190 a factor of 32519?
False
Does 28 divide 1988?
True
Is 210 a multiple of 10?
True
Is 51 a factor of 568?
False
Does 16 divide 1008?
True
Is 422 a multiple of 14?
False
Is 138319 a multiple of 391?
False
Is 21330 a multiple of 15?
True
Does 352 divide 27279?
False
Does 24 divide 7152?
True
Is 2422 a multiple of 11?
False
Is 223 a factor of 88531?
True
Is 1478 a multiple of 6?
False
Is 103 a factor of 1751?
True
Is 2850 a multiple of 6?
True
Is 4445 a multiple of 26?
False
Is 309 a factor of 7172?
False
Does 58 divide 61712?
True
Is 8 a factor of 50?
False
Is 135 a factor of 19845?
True
Is 14 a factor of 48580?
True
Is 38 a factor of 2964?
True
Is 3302 a multiple of 26?
True
Is 30 a factor of 5190?
True
Is 18120 a multiple of 15?
True
Does 77 divide 10758?
False
Does 8 divide 1576?
True
Is 25 a factor of 850?
True
Is 7 a factor of 833?
True
Do